et a(q) = 3*q**3 - 15*q**3 + 1 + q + 2*q**3 - 6*q**3. Calculate the remainder when a(-1) is divided by 6.
4
Suppose 2 = 2*j + 10, 2*j = -y + 299. Let t = y - 198. What is the remainder when t is divided by 28?
25
Let g be (-4)/6 - (-20)/12. Let l be ((-6)/21)/(2/(-14)). Calculate the remainder when g/l + (-182)/(-4) is divided by 16.
14
Let q = -7 + 10. Suppose k = q*k - 30. Calculate the remainder when 635/k - (-2)/3 is divided by 15.
13
Let z be (5 - -1)/(3 - 2). Let g = 0 + z. Let h(u) = u**2 - 2*u + 3. What is the remainder when h(4) is divided by g?
5
Suppose 1 = 9*g - 107. What is the remainder when 23 is divided by g?
11
Let u(a) = -2*a**3 - 8*a**2 - 3*a + 4. Calculate the remainder when u(-5) is divided by 24.
21
Let j(v) = v**2 - 8*v + 8. Let y be j(6). Let t = y + 8. Suppose d = -4*g - 6, 68 = t*d - 5*g + 8. Calculate the remainder when 18 is divided by d.
8
Let v = -3 - -22. Suppose 6*s - 9*s + 219 = 0. What is the remainder when s is divided by v?
16
Suppose 0 = -4*d + d + 42. What is the remainder when d is divided by 9?
5
Let m(c) = 2*c**3 + 11*c**2 + c + 7. Let h(l) = -3*l**3 - 12*l**2 - 2*l - 8. Let p(a) = 3*h(a) + 4*m(a). Calculate the remainder when p(6) is divided by 22.
20
Suppose 4*c = 3*c + 20. Let b(q) = q**2 + 8*q + 5. Let o be b(-6). What is the remainder when c is divided by (2 - -4)*o/(-6)?
6
What is the remainder when 71 is divided by (-5 + -1)/(2/(-3))?
8
Suppose 5*h + 2*y = -12 - 23, y + 30 = -5*h. Let k = h - -8. Calculate the remainder when k/(-9) - (-64)/3 is divided by 6.
3
Let o be (-680)/(-28) - 2/7. Let i = o + -16. What is the remainder when i is divided by 5?
3
Suppose -2*h = 2*h + 5*r - 41, r = 5. Suppose q + 18 = a + 2*q, h*q = -2*a + 42. Let l = 27 - -17. Calculate the remainder when l is divided by a.
14
Suppose 4*j - j - 753 = 0. What is the remainder when j is divided by 18?
17
Let f = 134 - 88. What is the remainder when f is divided by 7?
4
Let f(z) = -2*z + 66. Calculate the remainder when f(20) is divided by 5.
1
Let f(q) = 3*q**2 + 6*q + 12. Calculate the remainder when 36 is divided by f(-2).
0
Let s = 12 + -8. Suppose -27 = -s*g + g. What is the remainder when 26 is divided by g?
8
Let y be 4/(-14) - 12/(-42). Suppose a + y - 20 = 0. Suppose 6*q - q - 35 = 0. What is the remainder when a is divided by q?
6
Let b = -1 - -9. Suppose 5*i + b = 28. Calculate the remainder when 14 is divided by i.
2
Let k = 70 - 33. Calculate the remainder when k is divided by 20.
17
What is the remainder when -1 + 87 + (6 - 7) is divided by 29?
27
Let v = 4 + 59. Let u = v - 29. What is the remainder when u is divided by 12?
10
Let w = -39 - -18. Let a = -14 - w. What is the remainder when 19 is divided by a?
5
Let q(r) = -r**3 + 2*r**2 + 4*r + 1. Let t be q(3). What is the remainder when 19 is divided by 57/6 - (-2)/t?
9
Let q = 127 - 221. Let m = -56 - q. What is the remainder when m is divided by 10?
8
Let m(h) = -5*h - 41. What is the remainder when 27 is divided by m(-11)?
13
Suppose -2*n - 4*r + 78 = 0, 2*n + 2*r - 179 = -3*n. What is the remainder when 102 is divided by n?
32
Let p(a) = 14*a**3 - a**2 + a. What is the remainder when p(1) is divided by 8?
6
Let c(k) = -2*k + 2*k - k. Calculate the remainder when (-31)/(-3) + 1/((-3)/(-2)) is divided by c(-3).
2
What is the remainder when 87 is divided by 3/24 - 357/(-24)?
12
Suppose -o + 82 = 2*k + 4*o, 0 = -2*k - 4*o + 78. Calculate the remainder when 59 is divided by k.
28
Let c = -1 + -5. Let d(t) = -t**2 - 8*t + 4. Let j be d(c). Let a = j + 16. What is the remainder when a is divided by 17?
15
Suppose b + b = 30. Let t = b + -12. Calculate the remainder when 7 is divided by t.
1
Let m(n) = n**3 + 7*n**2 + 4*n + 2. Let f(b) = -4*b. Let o be f(-1). Suppose -5*s - 6 = -o*s. Calculate the remainder when 27 is divided by m(s).
13
Let v = 170 - 93. Let j = 3 - -17. Calculate the remainder when v is divided by j.
17
Suppose 5 = -z + 2. Let k = z - -2. Let i = 16 + k. Calculate the remainder when i is divided by 8.
7
Let s be (2/4 - 1)*-64. Suppose -3*j = 2*p - 23, -j + 3*p - s = -5*j. Calculate the remainder when 25 is divided by (-6)/(-4)*(j + 1).
7
Suppose 7*k - 55 = 2*k. Let d(s) = -s + 6. What is the remainder when k is divided by d(0)?
5
Suppose 5*v - 4*v - 14 = 0. Let q = v - 10. Suppose 5*z - 2*j - 155 = 0, 3*z - 79 = -0*z + q*j. Calculate the remainder when z is divided by 17.
16
Suppose 88 = 3*h - 98. What is the remainder when h is divided by 15?
2
Suppose 2*s = -q - 5 + 79, 4*s - 132 = 2*q. Let l = 53 - s. What is the remainder when l is divided by 5?
3
Let t(w) = 5*w - 7. Let a be t(5). Let z = a - 11. Calculate the remainder when z is divided by 2.
1
Let t(x) = -x**3 + 6*x**2 - 3*x + 2. What is the remainder when 37 is divided by t(3)?
17
Suppose -3 = -k + r, 0*k - 4*r = -k + 6. Suppose 4 = -k*q + 6*q. What is the remainder when q is divided by (2/(-1))/((-2)/1)?
0
Let l = -159 - -234. What is the remainder when l is divided by 19?
18
Suppose -3*z + 30 = -0*z. Calculate the remainder when z is divided by 4.
2
Let a = -79 + 90. What is the remainder when 32 is divided by a?
10
Suppose -f + 16 = j, 1 = 2*j - 1. What is the remainder when 43 is divided by f?
13
Suppose -29 = i - 33. Calculate the remainder when (5 - -1)*(1 - 0) is divided by i.
2
Let y = 22 - -25. What is the remainder when y is divided by 24?
23
Suppose 3*t - 106 + 13 = 0. Suppose 3*x - 47 + 19 = 4*p, 0 = x + 5*p - 3. Calculate the remainder when t is divided by x.
7
Let t = -2 + 2. Suppose t = 5*m - x - 13, x + 1 = -m + 3*x. Suppose m = 5*k - 7. Calculate the remainder when 3 is divided by k.
1
Let m be 2 + -3 - -5 - 2. Suppose 68 = 3*r - m*r. Suppose -3*i + r = 2. What is the remainder when i is divided by 6?
4
Suppose 0 = 6*n + 12 - 84. What is the remainder when 57 is divided by n?
9
Let i be (-1)/5 - (-176)/55. Suppose 36 = -i*g + 5*g. What is the remainder when g is divided by 5?
3
Let s(f) = f**2 + f + 11. What is the remainder when s(0) is divided by 6?
5
Let k = -4 + 7. Let x(h) = h**3 - h**2 + 2. What is the remainder when k is divided by x(0)?
1
Let s(l) = -13*l**2 + 2*l + 2. Let v be s(2). Let r be ((-138)/10)/((-2)/10). Let m = v + r. Calculate the remainder when m is divided by 12.
11
Suppose i - 35 = -g, -4*i = -3*g + 6*g - 110. Calculate the remainder when g is divided by 16.
14
Let a = 31 + -11. Calculate the remainder when 58 is divided by a.
18
Let f(w) = -w**2 + 5*w + 3. Calculate the remainder when f(4) is divided by 3.
1
Suppose 0 = -5*c - 5*r + 7 + 18, 2*r = -3*c + 14. What is the remainder when 17 is divided by c?
1
Let x = -171 - -180. Suppose -4*h + 2*h + 6 = 0. Suppose 0 = h*y - 20 + 2. What is the remainder when x is divided by y?
3
Suppose -6 = -3*f + 2*f. Let s(k) = k**3 - 2*k + 1. Let c be s(1). Suppose -b + 5 + 3 = v, -5*v + 25 = c. Calculate the remainder when f is divided by b.
0
Suppose p + 1 = -5*v, 3*p - 22 = 2*v - 2*p. What is the remainder when v/4 - (-3600)/64 is divided by 19?
18
What is the remainder when 24 is divided by ((-528)/165)/(2/(-5))?
0
Suppose -5*d + 4*g = 0, -3*d + 0*g - 2*g = -22. Suppose 2*h - n - n = 54, 5*h - d*n - 130 = 0. What is the remainder when h is divided by 6/(-10) + 63/70*14?
10
Let x = 12 - 2. What is the remainder when -111*-2*(-1)/(-6) is divided by x?
7
Let t = -7 - -23. Suppose 4*l = -0*l + t. Suppose b - 9 = l. What is the remainder when b is divided by 7?
6
Let v(x) = x**2 + 2*x + 1. Let d(u) = -3 + 9 + 4 - u. Let m be d(8). Calculate the remainder when v(m) is divided by 3.
0
Suppose -5*q + 37 = 2*r, -4*q - 76 = -4*r + 12. Calculate the remainder when 39 is divided by r.
18
Let g be -3 + (2 - 2/(-2)). Let r(h) = h**3 + h + 12. What is the remainder when r(g) is divided by 7?
5
Suppose 0 = -3*g - 8 - 4. What is the remainder when 46 is divided by 1 - g/(4/11)?
10
Suppose -4*c - 2*c + 90 = 0. Calculate the remainder when 41 is divided by c.
11
Let g be -4 + -2 + (1 - 3). Let x = 19 - g. Calculate the remainder when x is divided by (-144)/(-14) + (-2)/7.
7
Calculate the remainder when 27 is divided by 6/(-4)*(-196)/42.
6
Let c = 1 + -1. Let b(t) = 3*t**2 + 3*t - 23. Let m(x) = -2*x**2 - 2*x + 23. Let y(n) = 3*b(n) + 4*m(n). Calculate the remainder when y(c) is divided by 12.
11
Suppose 5*x = 4*q + 34, 0*x